sor of 50 and c?
25
Suppose -8*x = -6*x - 50. Let b be 4/(-8)*(-1 + -19). Calculate the highest common divisor of x and b.
5
Let f = -31 + 53. Let h = -1 - 5. Let b be ((-1 - h) + -3)*1. What is the greatest common factor of b and f?
2
Let y(r) = r**2 + 8*r - 9. Let m be y(-9). Suppose i + i + 10 = m. Let n = 15 + i. What is the highest common factor of n and 20?
10
Let t = 4 - 5. Let s(x) = -44*x**3 + x + 1. Let w be s(t). What is the greatest common factor of w and 110?
22
Let t = 6 - -10. Suppose 6*x - 26 = 3*x - f, t = 2*x + 2*f. What is the highest common factor of x and 9?
9
Let u(j) = -j**3 + 5*j**2 - 2*j - 4. Let x be u(4). Let l(f) = -4*f. Let g be l(x). Let r = 23 + g. What is the highest common factor of 77 and r?
7
Let g(c) = -154*c**3 + c**2 + 2*c + 1. Let o be g(-1). What is the highest common factor of 22 and o?
22
Let p be (2 + 1/(-2))*2. Suppose 2*b - 135 = -p*b. What is the greatest common divisor of b and 297?
27
Let z(s) = -s - 6. Let g be z(-7). Suppose -3*r - 7 = -g. Let x be -2 - -77 - (r + 0). Calculate the highest common divisor of 7 and x.
7
Let l = 63 + -42. Suppose 4*r + 122 = -82. Let x be r/(-7) - 14/49. What is the greatest common factor of l and x?
7
Suppose 0 = h - 5*z + 17, 2*z = -5*h + 53 - 3. Let l = h + -2. Calculate the highest common divisor of l and 6.
6
Let j(m) = -3*m**2 + 15*m + 5. Let r be j(5). What is the highest common divisor of r and 55?
5
Suppose 5*u = 3*n - 33 - 17, n = 5*u + 30. Calculate the highest common divisor of 90 and n.
10
Let j(l) = -l**2 + 8*l + 9. Let y be j(8). Calculate the greatest common factor of 99 and y.
9
Let v be 1*6*(-3 - -2). Let f(n) = n**2 + 7*n + 1. Let q be f(v). Let j be (-28)/q - 6/(-15). What is the highest common divisor of j and 48?
6
Let o = 28 + -16. Suppose -4*b - h = -0*b - o, 3*h - 9 = -3*b. What is the highest common factor of b and 18?
3
Suppose 3*n = -7*n + 440. What is the highest common divisor of 4 and n?
4
Let v(f) = -f + 16. Let q be v(8). Calculate the greatest common factor of q and 32.
8
Let y be 30 - (4/4 - 1). What is the greatest common divisor of 6 and y?
6
Let z = 11 + -7. Suppose 2*b = -3*c + 8, 4*c + 13 + 3 = z*b. What is the greatest common factor of 36 and b?
4
Let n be (-2)/8 + (-990)/(-24). Calculate the greatest common divisor of 41 and n.
41
Let y(a) = -a**2 - 4*a - 4. Let z be y(-2). Let d = -1 + 3. Suppose -d*k - 5*b = -213, 4*b = -3*k - z*k + 309. Calculate the highest common divisor of k and 11.
11
Suppose 0 = -3*w + 7*w + 3*q - 339, -q = -3*w + 238. Calculate the greatest common factor of w and 9.
9
Let r be -4*(-2 + (2 - 1)). Let f be 2/2 - -3*r. Suppose -5*a + 7 = -n, a - 5 = -1. Calculate the greatest common divisor of f and n.
13
Let b be (-124)/(-7) - (-10)/35. Let r = b - 2. Let p = 13 + -9. Calculate the greatest common factor of r and p.
4
Suppose -3*g + 120 = 2*c, 5*g - 5*c - 178 = -c. What is the greatest common factor of g and 190?
38
Let j(x) = x**2 - x + 70. Let w be j(0). Let p = w - -117. Calculate the greatest common factor of 17 and p.
17
Let k(n) = -2*n + 4. Let a be k(3). Let u be 25/15 - a/6. Suppose -u*h + 2 = 10, -8 = q + 3*h. What is the highest common factor of q and 8?
4
Let x be ((-4)/2)/((-1)/10). Let r be (-12 + 6 - -103) + 3*1. Calculate the highest common divisor of x and r.
20
Let b(p) = -p**3 + 16*p**2 + 3. Let v be b(16). Calculate the greatest common factor of v and 15.
3
Suppose 0 = 2*w - 23 - 9. What is the greatest common divisor of w and 2?
2
Let y = -54 - -99. Suppose 2*g - y = -13. Let v = 342 - 182. What is the greatest common divisor of g and v?
16
Suppose 2*z - 2 = 12. Let y = z + -5. Calculate the highest common factor of 16 and y.
2
Let g be (2 - 1) + (-1 - 0). Let a be 14 + 2 + g + -2. What is the greatest common divisor of 56 and a?
14
Let i(t) = -t + 3. Let w be i(-5). Calculate the highest common divisor of w and 64.
8
Let j(y) = -y**2 + 3*y - 4. Let f be j(3). Let r be (f - -9)*(-3)/(-5). What is the highest common divisor of 27 and r?
3
Suppose 5*p + 14*p = 13376. Calculate the greatest common divisor of 64 and p.
64
Suppose 5*w + 3*t = 37, -4*w + 39 = 2*t + 9. Let x(z) = z**3 - 9*z**2 + 11*z - 8. Let v be x(w). What is the greatest common factor of 48 and v?
16
Let s be (-16)/(-2)*(-10)/(-8). Suppose -4*l - 94 = -3*x + 128, 4*x - 268 = -4*l. Calculate the greatest common divisor of x and s.
10
Let m(y) = -y + 7. Let k be 5*(1/1 - 3). Let b be m(k). Calculate the highest common factor of b and 85.
17
Suppose 6*n - 3*n = 6. Suppose -2*q + 41 = 5*m, q - 16 = m - n*m. Calculate the highest common divisor of 117 and q.
13
Let s = -708 - -1020. Calculate the greatest common divisor of 39 and s.
39
Let o = -54 + 72. What is the greatest common divisor of 36 and o?
18
Let j be 2 + 7 - (-1 - -4). What is the greatest common factor of 48 and j?
6
Suppose u + 1 = 0, g - 2*u + 78 = 3*g. Let o = -22 + g. What is the highest common factor of 9 and o?
9
Suppose 0 = -3*y - z + 82, -5*y - 4*z = -z - 134. What is the greatest common factor of y and 14?
14
Suppose -2*f - 5 = 5*o, o + 47 = -5*f - 0*o. Let h be ((-15)/f)/(1/2). Calculate the highest common divisor of h and 12.
3
Let r = 10 - 8. Let p be (-2)/(-6)*(16 + r). Calculate the highest common divisor of p and 30.
6
Let x = 37 + -12. Calculate the greatest common divisor of x and 175.
25
Suppose -5*w = -j - 78, -3*w + 2*w - 5*j = 0. Let p(n) = 3*n + 75. Let r be p(15). Calculate the highest common divisor of r and w.
15
Suppose 0 = 4*z + 4 - 72. Let x be 2*((-15)/(-6) + 0). Suppose 415 = 5*p + x*k, -4*p + k + 344 = -k. Calculate the greatest common divisor of z and p.
17
Let s(n) = -n**2 + 15*n - 9. Let w be s(14). Suppose w*p = 2*o - 0*p + 3, -15 = -5*p. Calculate the highest common factor of 48 and o.
6
Let g = 5 + -1. Let r = g + 0. Suppose -r*z = -2*z - 3*x - 302, 3*z - 5*x = 452. What is the greatest common factor of z and 14?
14
Let m(j) = -2*j**3 - 11*j**2. Let t(p) = -p**3 - p**2 - p. Let v(i) = m(i) - 4*t(i). Let z be v(4). What is the greatest common divisor of z and 8?
8
Let i = 32 - 7. Suppose 4*a - i = -a. What is the highest common divisor of a and 20?
5
Let m(o) = o - 3. Let w be m(8). Suppose -4*v = -w*q - 43, -4*v - q = 2*q - 51. Calculate the highest common factor of v and 6.
6
Suppose 0 = -15*u + 17*u - 16. What is the greatest common divisor of u and 64?
8
Suppose -1 = -4*x + 167. Calculate the highest common factor of x and 6.
6
Let x = 7 - -2. Calculate the highest common factor of x and 45.
9
Suppose -j + 6*j + 21 = m, -5*m + 47 = 4*j. Suppose h - 2*k = 6*h - 108, -45 = -2*h + k. What is the greatest common factor of h and m?
11
Suppose 5*p = 12 + 3. Suppose 0*o = -2*o + 8. Suppose p*m - 43 = -o. What is the greatest common factor of m and 117?
13
Suppose 27 = -2*p + 11*p. Calculate the highest common divisor of p and 12.
3
Let p(w) = w + 8. Let b be p(4). Calculate the highest common divisor of b and 12.
12
Let t be 1/3 - 16/(-6). Calculate the highest common factor of t and 6.
3
Suppose -5*g + 6*g + 2*r - 9 = 0, 0 = 4*r. Suppose 0 = -4*h - 0*q + 4*q + 56, -3*h - 3*q + 66 = 0. Calculate the highest common divisor of h and g.
9
Let c be (-165)/(-12) - (-2)/8. Let t = 6 - -50. Suppose -t = -p - 3*p. Calculate the highest common factor of p and c.
14
Suppose -x - 2 = -6. Let t(w) = w**3 - w**2 - w + 5. Let d be t(x). Suppose -2*m + 4*y + 24 = 2*m, -5*m = y - 36. What is the highest common divisor of d and m?
7
Let h = -21 + 23. What is the greatest common divisor of h and 18?
2
Suppose 371 = 4*d + 3*i, 5*i + 205 = 4*d - 2*d. Calculate the highest common factor of d and 19.
19
Suppose 1 = -4*k + 6*z - z, -2*z - 2 = -2*k. Let r be 2 + (-3)/(-9)*3. What is the highest common divisor of k and r?
3
Let f(w) = w**2 + 9*w + 4. Let m be f(-9). Suppose 5*a - 15 = -m*n, -a - a = 2. Let t = 7 + n. What is the highest common factor of 36 and t?
12
Let h(o) = 2*o**2 - 21*o - 15. Let k be h(15). What is the highest common factor of 24 and k?
24
Let p(x) = -2*x. Let v be p(9). Let m = -12 - v. Calculate the highest common divisor of m and 15.
3
Let x be (-48)/20*(-20)/6 + 4. Let h be 1/(-4) - 363/(-12). Calculate the highest common divisor of x and h.
6
Let y = 7 - 5. Suppose 4*o = y*o + 14. Let u(n) = -n**2 + 7*n + 4. Let w be u